00?
2, 5, 7, 11, 103
What are the prime factors of 414616?
2, 51827
List the prime factors of 14326.
2, 13, 19, 29
List the prime factors of 37137251.
43, 157, 5501
List the prime factors of 123524.
2, 30881
What are the prime factors of 986168?
2, 131, 941
What are the prime factors of 154896?
2, 3, 7, 461
What are the prime factors of 4231256?
2, 239, 2213
What are the prime factors of 2198209?
13, 169093
List the prime factors of 497972.
2, 124493
What are the prime factors of 33712734?
2, 3, 11, 17, 30047
List the prime factors of 8446.
2, 41, 103
What are the prime factors of 4855097?
13, 41, 9109
List the prime factors of 223506.
2, 3, 4139
List the prime factors of 252208.
2, 11, 1433
What are the prime factors of 146640?
2, 3, 5, 13, 47
List the prime factors of 184570.
2, 5, 18457
What are the prime factors of 607144?
2, 29, 2617
List the prime factors of 7260410.
2, 5, 23, 31567
What are the prime factors of 607056?
2, 3, 12647
What are the prime factors of 160633?
11, 17, 859
List the prime factors of 1444348.
2, 41, 8807
What are the prime factors of 3916118?
2, 23, 85133
What are the prime factors of 1348961?
1348961
List the prime factors of 3838072.
2, 7, 9791
What are the prime factors of 370740?
2, 3, 5, 37, 167
What are the prime factors of 385864?
2, 139, 347
List the prime factors of 1190643.
3, 396881
List the prime factors of 270202.
2, 135101
What are the prime factors of 271927?
271927
List the prime factors of 306166.
2, 7, 19, 1151
What are the prime factors of 7908?
2, 3, 659
List the prime factors of 144317.
277, 521
What are the prime factors of 11762523?
3, 435649
List the prime factors of 3888865.
5, 709, 1097
List the prime factors of 122399.
122399
List the prime factors of 104917.
104917
List the prime factors of 10895249.
17, 431, 1487
What are the prime factors of 8705592?
2, 3, 7, 23, 751
What are the prime factors of 482079?
3, 13, 47, 263
What are the prime factors of 87491?
87491
List the prime factors of 3821246.
2, 11, 13, 31, 431
List the prime factors of 848439.
3, 31, 3041
List the prime factors of 262180.
2, 5, 13109
What are the prime factors of 83921?
83921
What are the prime factors of 2271461?
83, 27367
List the prime factors of 2377914.
2, 3, 7, 11, 5147
List the prime factors of 877129.
11, 659
What are the prime factors of 5803448?
2, 7, 31, 3343
List the prime factors of 5585399.
43, 129893
List the prime factors of 226605.
3, 5, 15107
What are the prime factors of 746069?
746069
List the prime factors of 4158828.
2, 3, 115523
What are the prime factors of 12032616?
2, 3, 61, 8219
List the prime factors of 2623055.
5, 197, 2663
List the prime factors of 1550643.
3, 149, 3469
List the prime factors of 156660.
2, 3, 5, 7, 373
What are the prime factors of 1430766?
2, 3, 101, 787
List the prime factors of 8358495.
3, 5, 173, 3221
List the prime factors of 2621059.
7, 149, 359
List the prime factors of 5389367.
5389367
List the prime factors of 1224843.
3, 557, 733
What are the prime factors of 9130481?
9130481
What are the prime factors of 149586?
2, 3, 107, 233
List the prime factors of 1036317.
3, 19, 18181
List the prime factors of 81068.
2, 13, 1559
What are the prime factors of 7264387?
13, 353, 1583
What are the prime factors of 3485679?
3, 1161893
List the prime factors of 11763828.
2, 3, 326773
List the prime factors of 2168633.
277, 7829
List the prime factors of 248611.
11, 97, 233
What are the prime factors of 4158963?
3, 53, 8719
List the prime factors of 37011.
3, 13, 73
What are the prime factors of 3865692?
2, 3, 61, 5281
List the prime factors of 7664053.
7664053
List the prime factors of 256439.
101, 2539
List the prime factors of 1642510.
2, 5, 164251
List the prime factors of 1163772.
2, 3, 32327
What are the prime factors of 10507948?
2, 11, 79, 3023
List the prime factors of 181877.
31, 5867
List the prime factors of 341387.
487, 701
List the prime factors of 5811021.
3, 71741
What are the prime factors of 22231980?
2, 3, 5, 29, 4259
List the prime factors of 2438273.
73, 127, 263
List the prime factors of 9708323.
23, 422101
What are the prime factors of 12868416?
2, 3, 11, 677
What are the prime factors of 10604842?
2, 293, 18097
List the prime factors of 402248.
2, 7, 11, 653
What are the prime factors of 333140?
2, 5, 16657
What are the prime factors of 885078?
2, 3, 49171
List the prime factors of 9856147.
7, 1408021
List the prime factors of 119751.
3, 179, 223
What are the prime factors of 7973737?
61, 67, 1951
What are the prime factors of 3717705?
3, 5, 247847
What are the prime factors of 8346377?
13, 19, 33791
What are the prime factors of 4432414?
2, 7, 73, 4337
List the prime factors of 169593.
3, 56531
List the prime factors of 6894980.
2, 5, 344749
What are the prime factors of 3034307?
3034307
What are the prime factors of 12498374?
2, 7, 211, 4231
What are the prime factors of 4867646?
2, 7, 37, 9397
List the prime factors of 848843.
848843
List the prime factors of 124432.
2, 7, 11, 101
List the prime factors of 23815532.
2, 13, 137, 3343
List the prime factors of 543440.
2, 5, 6793
What are the prime factors of 315511?
7, 47, 137
List the prime factors of 12246773.
7, 11, 19, 761
List the prime factors of 39465119.
39465119
What are the prime factors of 1179061?
13, 90697
What are the prime factors of 39490?
2, 5, 11, 359
List the prime factors of 2231726.
2, 7, 17, 9377
List the prime factors of 219728.
2, 31, 443
List the prime factors of 1820591.
29, 67, 937
List the prime factors of 4216626.
2, 3, 73, 3209
What are the prime factors of 4275748?
2, 43, 24859
What are the prime factors of 666610?
2, 5, 7, 89, 107
List the prime factors of 41885136.
2, 3, 290869
What are the prime factors of 178492?
2, 44623
What are the prime factors of 4260346?
2, 2130173
What are the prime factors of 1974752?
2, 13, 47, 101
List the prime factors of 13345209.
3, 494267
List the prime factors of 307407.
3, 43, 2383
What are the prime factors of 8605950?
2, 3, 5, 57373
What are the prime factors of 1346491?
1346491
List the prime factors of 20633479.
211, 97789
List the prime factors of 457208.
2, 67, 853
List the prime factors of 215519.
127, 1697
What are the prime factors of 21287050?
2, 5, 271, 1571
List the prime factors of 19527845.
5, 101, 38669
List the prime factors of 294403.
294403
What are the prime factors of 38704?
2, 41, 59
What are the prime factors of 1215458?
2, 23, 26423
What are the prime factors of 548773?
503, 1091
List the prime factors of 33996.
2, 3, 2833
List the prime factors of 1015616.
2, 7, 2267
What are the prime factors of 64275?
3, 5, 857
What are the prime factors of 13684206?
2, 3, 31, 73571
List the prime factors of 6932242.
2, 1289, 2689
What are the prime factors of 5741677?
271, 21187
List the prime factors of 49147.
7, 17, 59
What are the prime factors of 2850500?
2, 5, 5701
List the prime factors of 1712478.
2, 3, 17, 103, 163
List the prime factors of 128758.
2, 7, 17, 541
What are the prime factors of 20731999?
107, 193757
What are the prime factors of 931489?
13, 79, 907
What are the prime factors of 107729?
17, 6337
List the prime factors of 4587634.
2, 2293817
List the prime factors of 1572150.
2, 3, 5, 47, 223
What are the prime factors of 923929?
923929
List the prime factors of 173375.
5, 19, 73
What are the prime factors of 65220?
2, 3, 5, 1087
List the prime factors of 69138.
2, 3, 23, 167
List the prime factors of 15763374.
2, 3, 11, 79613
What are the prime factors of 29842?
2, 43, 347
List the prime factors of 431296.
2, 23, 293
List the prime factors of 14895224.
2, 61, 131, 233
What are the prime factors of 635360?
2, 5, 11, 19
List the prime factors of 1478731.
31, 47701
List the prime factors of 155255.
5, 31051
What are the prime factors of 3009909?
3, 7, 143329
What are the prime factors of 21530501?
193, 281, 397
What are the prime factors of 80100?
2, 3, 5, 89
What are the prime factors of 362380?
2, 5, 18119
What are the prime factors of 1160241?
3, 386747
What are the prime factors of 73013?
73013
What are the prime factors of 461638?
2, 230819
What are the prime factors of 285514?
2, 142757
List the prime factors of 416267.
547, 761
List the prime factors of 1088335.
5, 217667
List the prime factors 